p**2 - 10*p - 10. Let i(f) = -3*f**3 - 8*f**2 + 3*f + 4. Suppose -54*j + 63*j + 63 = 0. Let z(g) = j*i(g) - 2*b(g). Determine z(-10).
2
Let a(k) = 31 - 18*k - 31. Suppose 50 = z + 4*z. Let l be (9/(-90))/((-1)/z). What is a(l)?
-18
Let w be (5 + -2)/((-45)/20)*3. Suppose -3 = 5*g - 23. Let h(a) = 0 + 1 - g*a + 3*a. Calculate h(w).
5
Suppose 15*n - 458 = -368. Let t(o) be the second derivative of o**5/20 - 7*o**4/12 + 5*o**3/3 - 3*o**2 - 19*o. Determine t(n).
18
Let w(k) be the first derivative of k**6/120 - k**5/12 + 5*k**4/24 - 3*k**3/2 + 157*k**2/2 - 3. Let q(c) be the second derivative of w(c). Calculate q(4).
-5
Let o be 7/(7/(-6)) - 0. Let n(b) be the first derivative of b**3/3 + 2*b**2 - b - 18538. Give n(o).
11
Let q(z) = -368544*z + 368544*z - 4 + z**3 + 6 - 12*z**2. Give q(12).
2
Let r be 0 + 0 + 10 + -7. Let w(m) = -r*m**2 - 32 + 87 - 31 - 28 - 5*m + m**2. Suppose 5*b = 3*z - 18 + 2, 2 = -4*z + 2*b. Calculate w(z).
-7
Let j(u) = 5*u + 107. Suppose 46 = 2*h + 54, -28 = 2*a - 4*h. What is j(a)?
-3
Let b(w) be the third derivative of -1/120*w**6 - 12*w + 1/8*w**4 + 0 - 1/20*w**5 + 2*w**2 - 2/3*w**3. Calculate b(-4).
0
Let p = -338 + 338. Suppose p = -8*w + 5*w. Let j(r) = -r**2 + r + 9. Give j(w).
9
Suppose 6*o - 2*o + 161 = -5*i, -2*o = -4*i + 48. Let w = o - -37. Let m(x) = x - 1. Give m(w).
2
Let y(v) be the first derivative of v**5/20 + v**4/3 + v**3/6 - v**2 - 60*v - 76. Let d(o) be the first derivative of y(o). What is d(-3)?
4
Suppose -o = 2*z + z - 1, -5*o - 5*z + 5 = 0. Let m(r) = -8*r - 12. Let f(b) = b + 3. Let y(s) = o*m(s) + 6*f(s). Determine y(7).
-8
Let f(k) = 19*k - 7. Let u be 8/3 - 5/(-15). Let h(s) = 16*s - 5. Let g(d) = u*f(d) - 4*h(d). What is g(-1)?
6
Let s(a) = -a**3 - 2*a**2 + 2*a - 2. Let v = -2087 - -2084. Give s(v).
1
Let r(k) be the first derivative of k**6/120 - k**5/60 + k**4/12 + k**3/3 - 37*k**2/2 + 77. Let h(w) be the second derivative of r(w). Give h(-2).
-14
Let s = -19664 - -19670. Let f(k) = -k**3 - k**2 - 1. Let t(h) = 2*h**3 - 4*h**2 - 8*h + 10. Let j(m) = -f(m) - t(m). Determine j(s).
3
Let a(g) = 4*g + 3. Let i be 10/6*(-270)/(-15). Suppose 3*j + 5*f = i + 16, -j + 2 = -f. Calculate a(j).
31
Suppose 2*a + 5*v - 6 + 1 = 0, -3*v = -5*a + 28. Let h(j) = -a*j + 5 - 410*j**3 + 2*j**2 + 406*j**3 + j - 2. Give h(2).
-29
Let u(h) = -11*h + 591. Let f = -20560 - -20613. Determine u(f).
8
Let k(a) = -11650*a**2 + 5828*a**2 + 24 + 22*a - 4*a + 5823*a**2. Calculate k(-8).
-56
Let g = 3716 + -3705. Let b(k) = -2*k - 35. What is b(g)?
-57
Let j(d) = 2*d**2 + 15*d + 35. Let l be (6 - 24/5) + (-2 - (-63)/(-15)). Determine j(l).
10
Let j = 853 - 851. Let c(y) be the second derivative of -2*y**j - 1/6*y**3 + 0 - 13*y. Give c(0).
-4
Suppose 0 = 8*o - 20 - 20. Let c(v) = 10 + 16*v**3 - 7 + 5*v**2 - 15*v**3 + o*v. What is c(-4)?
-1
Let u(v) be the third derivative of v**4/6 - 17*v**3/6 - 62*v**2 + 3. Let m = 2 + 3. Calculate u(m).
3
Suppose -104*b = -102*b - 5*f - 19, 3 = -3*f. Let j(c) = 2*c**2 - 25*c + 23. Let x(m) = -m**2 + 13*m - 11. Let q(o) = b*x(o) + 4*j(o). Determine q(7).
1
Let y(t) be the second derivative of 0 + 5/24*t**4 - 5*t**2 + 0*t**3 - 8*t. Let s(k) be the first derivative of y(k). What is s(2)?
10
Suppose -u + 3 - 2 = -2*o, 30 = -5*o - 3*u. Let d(h) = 164*h**2 + 168*h**2 + 5 - 497*h**2 + 167*h**2 + h**3. Calculate d(o).
-4
Suppose 0 = -21*n + 5*n + 48. Let m(s) = -1 - 5*s + 11*s - 4*s. What is m(n)?
5
Let f(k) be the second derivative of -k**5/20 + 3*k**4/4 - 5*k**3/3 + 9*k**2 - 74*k - 4. Calculate f(8).
2
Let l(w) = w**2 - w. Suppose -89*k + 313 = 224. Calculate l(k).
0
Let m(s) = -416*s + 408. Let o(a) = 49*a - 51. Let u(k) = 18*m(k) + 153*o(k). Determine u(49).
-18
Let m(i) = 430*i - 45. Let t(x) = -308*x + 32. Let k(f) = 12*m(f) + 17*t(f). Determine k(1).
-72
Let q(w) = -9*w**3 + 11*w**2 - w - 19. Let i(c) = -4*c**3 + 6*c**2 - c - 9. Let x(l) = 7*i(l) - 3*q(l). Let b be (75/135*-9)/((-5)/8). Calculate x(b).
26
Let w be (22 - 7)*2/6. Suppose 2*a + 4*m + 6 = 0, 0 = w*a + 5*m - 5. Let u(p) = -27 + 116 - 31 - 33 - p - 23. Calculate u(a).
-3
Let z be (252/(-98))/((-5)/((-140)/(-6))). Suppose -4*x + z = -4*n, 2*x - 3*n = n + 4. Let l(f) = -f**2 + 2*f + 1. Determine l(x).
-7
Let z(f) be the third derivative of -3*f**4/8 + 3*f**3/2 + 4*f**2 - 10*f. Let p(a) = -7*a + 6. Let q(n) = 5*p(n) - 4*z(n). What is q(0)?
-6
Let m(y) = -y + 6. Let l be m(-11). Let c(n) = n + 18 - 34 + 0*n + l. Let h(t) = t**3 - 4*t**2 + 2*t - 5. Let s be h(4). What is c(s)?
4
Let t be 21/6*138/161. Suppose -3 = -p + 2*u, -5*p + t*u = -3 + 16. Let m(a) = 0*a**2 + 2*a**2 + a**2 + 5*a + 2 - 2*a**2. Determine m(p).
2
Suppose -103 - 30 = -19*l. Let r(c) = -16. Let u(w) = -w - 31. Let o(z) = 5*r(z) - 2*u(z). Let q be o(l). Let k(g) = -g**3 - 4*g**2 - 2*g + 4. Determine k(q).
12
Let t(u) = 235*u**2 - 4*u - 511*u**2 + 6 + 254*u**2. Determine t(2).
-90
Suppose -3*f = 9*f - 36. Let o(m) = -m**f - 83*m**2 - 77*m**2 + 151*m**2 + 6. Calculate o(-9).
6
Let c(v) = 5*v + 15. Suppose 2*d = -5*b + 6, -3*d + 1234*b = 1237*b + 9. Determine c(d).
-20
Suppose -5*q + 23 = -4*d - 17, 4*q = 16. Let f(l) = l**2 + 2*l - 20. Let m be f(d). Let x(t) = -2*t - 7. Give x(m).
3
Let y(p) be the second derivative of -p**4/12 + 5*p**3/3 - 4*p**2 - 31*p. Let a = -16 + 23. Give y(a).
13
Let z(g) be the first derivative of g**3/3 + 17*g**2/2 - 4*g + 1. Let d be (1870/(-26180))/((-1)/(-238)). Calculate z(d).
-4
Suppose 25 = 4*g + g. Suppose -g*n + 6*n = 2. Let i(h) = -4 + 3*h - n*h - h + h. Calculate i(6).
2
Let s(g) = -6*g**2 - 40*g - 61. Suppose 6*y + 9*y = -2*y - 68. Calculate s(y).
3
Let q be 12/4 + -1*1/1. Suppose 0 = -4*d - 5*r - 3, -r = q*d - 3 + 6. Let h(l) = -3*l**3 - 2*l**2 - 3*l - 3. Calculate h(d).
19
Let r = -15559 + 15552. Let u(q) = -18*q + 18. Give u(r).
144
Let g(f) = -f**3 + 7*f**2 + f - 24. Let m be (1 + 6)/((-4)/(-4)). What is g(m)?
-17
Let o(p) be the second derivative of -p**4/24 + 2*p**3/3 - 21*p**2/2 + 68*p. Let f(j) be the first derivative of o(j). Determine f(5).
-1
Let y(i) = -173*i**2 + 12*i - 3. Let r(m) = -63*m**2 + 4*m - 1. Let p(s) = -11*r(s) + 4*y(s). Give p(-3).
-4
Let j(m) be the first derivative of m**4/4 + 2*m**3 + m**2 - m - 2701. Determine j(-2).
11
Let i(c) be the first derivative of -c**3/3 - 47*c**2/2 - 214*c + 3458. Calculate i(-42).
-4
Let o(j) be the second derivative of j**5/20 + j**4/24 - 2*j**3/3 - 4*j**2 - 112*j. Let w(d) be the first derivative of o(d). Give w(3).
26
Let n(q) = -q**2 + 5*q + 3. Let m(j) be the first derivative of 7*j**2/2 + 46*j + 5. Let d be m(-7). Give n(d).
-21
Let m(w) be the third derivative of -w**4/24 + w**3 + 4*w**2. Let y(g) = g**2 + 48*g - 319. Let o be y(6). Determine m(o).
1
Let a(l) be the second derivative of 3/2*l**2 + 259*l + 2*l**3 + 0. Calculate a(-1).
-9
Let w(p) = 8*p**2 - 4*p + 2. Let d be w(-1). Let n(l) = 13*l**3 - d*l**3 + 19 - 2*l**2 - 23 + 9*l**2 - l. Determine n(7).
-11
Let c(d) = 115*d + 621. Let i(w) = 23*w + 124. Let t(a) = -2*c(a) + 11*i(a). Let x be t(-5). Let y(b) = -b**2 + 8*b + 6. Determine y(x).
13
Let w(s) = s**2 - 8*s - 7. Suppose 3*j - 27*j + 120 = 0. Suppose 2*b = -4*a + 4, b - 26 - 4 = j*a. Determine w(b).
13
Let o(h) = 303*h + 28. Let w(c) = 55*c + 6. Let v(d) = -2*o(d) + 11*w(d). What is v(-5)?
15
Let a = -88 + 106. Let m(j) = -11*j**3 + 10*j**3 - 7*j**2 + 6 + 13*j - a*j. Calculate m(-6).
0
Let r(d) = -d**2 - 7*d**2 - 13 - 8*d - d**2 + d**3. Let v(t) = 1006*t + 10. Let y be v(0). What is r(y)?
7
Let u = -26 + 37. Suppose x + u = 5*m, 4*x = -9*m + 4*m + 6. Let n(o) = -o**3 - 189*o**m + 7 + 367*o**2 - 183*o**2 + 10*o. Calculate n(-6).
-17
Let i(j) be the first derivative of -j**4/4 - 11*j**3/3 - 9*j**2/2 + 18*j - 129. Give i(-10).
8
Let g(w) = w**3 - 4*w**2 - 3. Suppose -3740 = 330*l - 325*l. Let x = l - -751. What is g(x)?
-12
Suppose -3*s = -10079 + 10079. Let a(x) = -2*x**3 + x**2 + 7*x + 5. Give a(s).
5
Let g(v) = -v**3 + 4*v**2 + 2*v - 3. Let t(n) = 2*n**2 - 8*n + 1. Let q be t(6). Let d be -1 + 10/q + (-54)/(-15). What is g(d)?
12
Let i(h) = -h**3 - 3*h**2 + 8*h + 6. Let k be (-2)/((-6)/343) - 1/3. Let a = -102 + k. Let g(t) = -t**2 + 11*t + 7. Let p be g(a). Calculate i(p).
16
Suppose -36*l + 21*l - 75 = 0. Let a(q) = q**3 + 5*q**2 - q. Determine a(l).
